st common factor of 594 and h.
66
Suppose 0 = -r - 5*x - 0*x + 25, 85 = 3*r + 5*x. What is the greatest common factor of r and 130?
10
Let v = 166 - 232. Let b = -63 - v. What is the greatest common factor of b and 27?
3
Suppose -60 = -2*j - 0*j. What is the highest common factor of 60 and j?
30
Let u(z) = 2*z - 67. Let s be u(36). Let o(q) = 3*q**2 + 7*q - 1. Let t be o(-6). What is the greatest common factor of s and t?
5
Let h = 21 + -45. Let o = h + 74. Calculate the highest common factor of o and 10.
10
Let x(b) = -2*b**2 - 5 + 0*b**2 + 4*b - 6*b + 3*b**2. Let d be x(-5). What is the highest common divisor of d and 12?
6
Let j(u) = 144*u**3 + 9*u - 11. Let b be j(2). What is the greatest common divisor of 183 and b?
61
Let k(b) = 20*b - 9*b + 25 - 10*b. Let g be k(-15). What is the highest common divisor of g and 90?
10
Let o(i) = 4*i - 7. Let q be o(3). Suppose 5*x + 2 = 2*g, -q*g - 5*x = 14 - 54. What is the greatest common factor of g and 30?
6
Suppose 3*v = 68 - 56. Let z be (-1)/3 + 228/36. Calculate the highest common divisor of z and v.
2
Let g = -1917 + 2004. Let d = -43 - -72. Calculate the greatest common factor of d and g.
29
Suppose 0 = 4*x + 4*j - 104, 2*x - 659 + 611 = 2*j. Let t(m) = 3*m**2 - 2*m - 8. Let k be t(7). What is the greatest common divisor of k and x?
25
Let h be ((-4)/(-6))/((-4)/18) + 5. Suppose -h*u = d + 1, -d = d + 10. What is the greatest common factor of u and 6?
2
Let g = -24 + 60. Let d = 0 + 4. Suppose d*y - 96 = -0*y. What is the greatest common factor of y and g?
12
Let x(h) = 8*h**2 + 22*h + 100. Let r be x(-4). Calculate the highest common factor of r and 490.
70
Let t = -33 + 135. What is the highest common factor of t and 1632?
102
Let d(x) = -19*x**2 - 22 - 24*x**2 + 17*x + 45*x**2. Let f be d(-11). Calculate the greatest common factor of f and 11.
11
Suppose v - 220 = -4*t + 4*v, 0 = -3*t + v + 170. Calculate the greatest common factor of 522 and t.
58
Let d be 2210/55 - (-3 - (-105)/33). Let u(g) = 5*g - 20. Let t be u(16). What is the highest common divisor of d and t?
20
Suppose i - 4*i = -9. Suppose 6*o = i*o + 63. Suppose -j + d + 10 = 0, -16 = -j + 4*d - d. Calculate the greatest common divisor of o and j.
7
Let n be -14*(-66)/12*1. Suppose 3*i - 3 = 2*v + 22, 0 = -3*i - 2*v + 17. Calculate the greatest common factor of i and n.
7
Let z be 4/16 - (-2)/(-8). Suppose -h = -z*h. Suppose -5*t - 12 = -o - h*t, -10 = -5*t. What is the greatest common factor of 55 and o?
11
Let w be 25 + (32/(-12))/(-8)*-9. What is the highest common factor of w and 506?
22
Suppose 3*g + 253 = 4*x + 76, 4*x = -g + 181. Let f be 4 + -6 - (4 + -2). Let h(t) = t**2 + t + 6. Let d be h(f). What is the greatest common factor of x and d?
9
Let t = -445 - -949. Calculate the greatest common divisor of t and 56.
56
Suppose -162 = -3*o + 168. Suppose -4*x + 8 = 2*n, 27 = 4*x + 39. What is the greatest common divisor of n and o?
10
Let y = 351 - 207. Suppose 3*w = -3*m + 117, y = 2*m + 2*m + w. What is the greatest common divisor of m and 35?
35
Let i = 117 + -99. Suppose -2*v = 4*v - 432. Calculate the highest common divisor of v and i.
18
Suppose 5*g = g + 20, 417 = 2*j + 5*g. What is the greatest common factor of j and 28?
28
Let t(z) = -17*z - 271. Let a be t(-19). Calculate the highest common factor of a and 1508.
52
Let n be (-8 + -8)/(2 + -1). Let r be (8/(-6))/(n/(-216)). Let s be (r/4 + 1)*-2. Calculate the greatest common factor of 7 and s.
7
Let p = -5 - -29. Let q(r) = r**2 - 7*r + 9. Let k(a) = a**2 - 3*a + 2. Let i be k(4). Let l be q(i). What is the greatest common divisor of p and l?
3
Suppose -242*d = -247*d + 7980. What is the highest common factor of d and 84?
84
Suppose 2*l - 30 = -3*l - 5*u, -4*l = 5*u - 27. Let y(j) = 5*j - 3 + 2 + 4. Let w be y(l). What is the greatest common divisor of 45 and w?
9
Let d = 819 - 571. What is the highest common divisor of d and 8?
8
Let a(l) be the first derivative of -l**2/2 + 7*l + 9. Let d be a(11). Let w = 14 - d. What is the greatest common divisor of w and 72?
18
Suppose 0 = 3*n + 1 + 2. Let g be -5*(3 + -2)/n. Suppose -5*p - 65 = -5*x, 53 = -x + 5*x - g*p. Calculate the greatest common factor of 4 and x.
4
Let t(x) = -21*x - 1. Let u(j) = 20*j + 2. Let y(v) = -3*t(v) - 2*u(v). Let b be y(4). Calculate the greatest common factor of 13 and b.
13
Suppose 0*z - 7*z = -189. Let l be 9*(2 + (-1 - -2)). Calculate the highest common divisor of l and z.
27
Suppose 5*i - 4*b - 122 + 36 = 0, -36 = -2*i + 2*b. Suppose 0 = 4*h - 182 + 42. What is the highest common factor of i and h?
7
Let u be (-25515)/(-42) + 10/4 + -2. Calculate the highest common factor of u and 38.
38
Let u = -49 + 12. Let b be (-9)/9*(u + -1 - 0). What is the greatest common factor of b and 57?
19
Let c = 8 + 2. Let l(o) = -o**2 + 11*o + 6. Let j be l(c). What is the greatest common factor of 176 and j?
16
Let k(h) = 9*h - 10 - 4 - 13*h. Let v be k(-5). What is the greatest common divisor of 9 and v?
3
Let b(x) = 100*x - 104. Let y be b(5). Calculate the highest common factor of y and 165.
33
Let q(f) = 10*f**3 + 6*f**2 - 14*f + 43. Let s be q(3). Calculate the highest common factor of 65 and s.
65
Let m = 7 + -3. Suppose m*i - 4 = -0, -3*d = 4*i - 37. Let v = 31 - -57. What is the highest common factor of d and v?
11
Suppose -100 + 10 = 3*w. Let j be w/(-4)*(-8)/(-12). Suppose -18 = -s + 4*n, 3*s - 45 = j*n - 2*n. What is the greatest common factor of s and 112?
14
Let u(p) be the first derivative of -p**4 - p**3 + 3*p**2/2 + 3*p + 45. Let k be u(-3). What is the highest common divisor of 30 and k?
15
Let k be 2/(-3) - (-1)/(9/24). Suppose 128 = 3*j - k*j. What is the highest common divisor of j and 16?
16
Let w = 8 - 8. Suppose c + 57 - 323 = w. Suppose -2*v + c = -168. Calculate the greatest common divisor of v and 31.
31
Let f(z) = z + 15. Let g be f(0). Let m(w) = -w**2 - 32*w - 72. Let k be m(-23). What is the highest common divisor of g and k?
15
Let t(o) = 142*o**3 + 2*o**2 - o. Let p be t(1). Calculate the highest common divisor of p and 91.
13
Let q(z) = 4*z - 15. Let b(v) = v**2 + 10*v - 6. Let r be b(-11). Let s be q(r). What is the highest common divisor of s and 30?
5
Suppose -2*k + 6*k - 2*u - 14 = 0, 5*k - 16 = 2*u. Suppose i = 0, 5*c + 5*i - 100 = k*i. Let b = 6682 + -6678. What is the highest common factor of b and c?
4
Let s(j) = -2*j + 24. Let y be s(8). Calculate the highest common divisor of 8 and y.
8
Let u = 24 - -33. Let d = -43 + u. Calculate the highest common divisor of 56 and d.
14
Let f(p) = -6*p - 2. Let t be f(-1). Suppose 3*v - 16 = t*v. Let y be (v/(-3))/4*3. Calculate the greatest common divisor of y and 4.
4
Let q(s) be the second derivative of -s**5/20 - 17*s**4/12 - s**3/2 - 10*s**2 - 10*s. Let i be q(-17). Calculate the greatest common divisor of i and 341.
31
Let t = 973 + -673. What is the greatest common factor of t and 225?
75
Suppose n + l - 12 - 169 = 0, -l = -5. What is the highest common divisor of 16 and n?
16
Suppose -3*u + 8*u - 950 = 0. Let s be 11 - (2 - 1) - (-4 - -4). What is the greatest common factor of s and u?
10
Suppose 2 = -4*m + 18. Let d(q) = 2*q**3 + 2*q + 2*q - 8*q**2 + q**2. Let s be d(m). What is the highest common factor of s and 16?
16
Let k = -5 + 27. Let a be k/44*(26 + 0). What is the highest common divisor of a and 13?
13
Suppose 3 = -v + 41. Let q = 115 - v. Calculate the greatest common divisor of 11 and q.
11
Let r(b) = -b**3 - 3*b**2 + 19*b - 5. Let j be r(-9). Calculate the greatest common factor of j and 10.
10
Let k(a) = 3*a + 1. Let t be k(2). Let r be -2 - 0 - t/(-1). Suppose -r*s + 26 = -4*s. Calculate the greatest common divisor of 13 and s.
13
Let p(m) = 3*m**3 - 5*m**2 - m - 2. Let f be p(2). Suppose y + y - o - 27 = f, 3*y - 33 = -o. What is the highest common factor of 12 and y?
12
Suppose -5*i = 10*w - 8*w - 1125, 5*i = 5*w - 2830. Calculate the greatest common divisor of 5 and w.
5
Suppose 9*q - 54 = 243. What is the greatest common divisor of 33 and q?
33
Suppose 3*d - 8 = -d. Let t(z) = -z**2 + 76*z - 1078. Let p be t(57). What is the highest common divisor of d and p?
1
Suppose -5*s + 4*y - y + 58 = 0, 3*y + 2 = s. Suppose 5*l - 56 - s = 0. Calculate the highest common divisor of 28 and l.
14
Suppose 0 = 